{"id":36060,"date":"2024-09-05T16:06:33","date_gmt":"2024-09-05T21:06:33","guid":{"rendered":"https:\/\/agqroo.qroo.gob.mx\/?page_id=36060"},"modified":"2026-01-26T14:47:58","modified_gmt":"2026-01-26T19:47:58","slug":"marco-juridico","status":"publish","type":"page","link":"https:\/\/agqroo.qroo.gob.mx\/index.php\/marco-juridico\/","title":{"rendered":"Marco Jur\u00eddico"},"content":{"rendered":"\t\t<div data-elementor-type=\"wp-page\" data-elementor-id=\"36060\" class=\"elementor elementor-36060\">\n\t\t\t\t<div class=\"elementor-element elementor-element-2fdd02b e-flex e-con-boxed e-con e-parent\" data-id=\"2fdd02b\" data-element_type=\"container\" data-e-type=\"container\">\n\t\t\t\t\t<div class=\"e-con-inner\">\n\t\t\t\t<div class=\"elementor-element elementor-element-0d1feaa elementor-widget elementor-widget-heading\" data-id=\"0d1feaa\" data-element_type=\"widget\" data-e-type=\"widget\" data-widget_type=\"heading.default\">\n\t\t\t\t<div class=\"elementor-widget-container\">\n\t\t\t\t\t<h1 class=\"elementor-heading-title elementor-size-default\">Marco Jur\u00eddico<\/h1>\t\t\t\t<\/div>\n\t\t\t\t<\/div>\n\t\t\t\t\t<\/div>\n\t\t\t\t<\/div>\n\t\t<div class=\"elementor-element elementor-element-647346f e-flex e-con-boxed e-con e-parent\" data-id=\"647346f\" data-element_type=\"container\" data-e-type=\"container\">\n\t\t\t\t\t<div class=\"e-con-inner\">\n\t\t\t\t<div class=\"elementor-element elementor-element-2695f67 elementor-widget elementor-widget-text-editor\" data-id=\"2695f67\" data-element_type=\"widget\" data-e-type=\"widget\" data-widget_type=\"text-editor.default\">\n\t\t\t\t<div class=\"elementor-widget-container\">\n\t\t\t\t\t\t\t\t\t<p><a href=\"https:\/\/agqroo.qroo.gob.mx\/wp-content\/uploads\/2025\/04\/Constitucion-Politica-del-Estado-Libre-y-Soberano-de-Quintana-Roo.pdf\" target=\"_blank\" rel=\"noopener\"><strong>La Constituci\u00f3n Pol\u00edtica del Estado de Quintana Roo<\/strong><\/a>, establece que los expedientes de las oficinas y los archivos son de dominio p\u00fablico y son patrimonio del estado\u2026.art\u00edculo 112 y 113.<\/p><p><a href=\"https:\/\/agqroo.qroo.gob.mx\/wp-content\/uploads\/2025\/04\/Ley-Organica-de-la-Administracion-Publica-del-Estado.pdf\" target=\"_blank\" rel=\"noopener\"><strong>La ley Org\u00e1nica de la Administraci\u00f3n P\u00fablica del Estado de Quintana Roo<\/strong><\/a>, considera en su art\u00edculo 31 fracci\u00f3n XXVII, que la organizaci\u00f3n y administraci\u00f3n del Archivo General del Estado debe estar supeditado a la Secretar\u00eda de Gobierno del Estado, como un organismo p\u00fablico desconcentrado.<\/p><p><strong><a href=\"https:\/\/agqroo.qroo.gob.mx\/wp-content\/uploads\/2026\/01\/20260115130401339.pdf\" target=\"_blank\" rel=\"noopener\">Decreto<\/a> <\/strong>mediante el cual se crea el Archivo General del Estado, como un organismo publico desconcentrado de la oficial\u00eda mayor.<\/p><p>El 22 de diciembre de 2023, el ejecutivo reforman, derogan y adicionan diversas disposiciones a la\u00a0<a href=\"https:\/\/agqroo.qroo.gob.mx\/wp-content\/uploads\/2025\/04\/Ley-de-Archivos-del-Estado-de-Quintana-Roo.pdf\" target=\"_blank\" rel=\"noopener\"><strong>Ley de Archivos del Estado de Quintana Roo<\/strong><\/a>\u00a0en el que da sustento jur\u00eddico al Archivo General del Estado para realizar sus funciones como un organismo desconcentrado a la Secretar\u00eda de Gobierno del Estado.<\/p><p>Que el 17 de abril de 2004, se instala el\u00a0<a href=\"https:\/\/agqroo.qroo.gob.mx\/index.php\/colarch\/\" target=\"_blank\" rel=\"noopener\"><strong>Consejo Local de Archivos del Estado de Quintana Roo<\/strong><\/a>, como \u00f3rgano de coordinaci\u00f3n del Sistema Local.<\/p><p>Decreto mediante el cual se reforman, adicionan y derogan, diversas disposiciones del <a href=\"https:\/\/agqroo.qroo.gob.mx\/wp-content\/uploads\/2026\/01\/20260115130658312.pdf\" target=\"_blank\" rel=\"noopener\"><strong>Reglamento Interior<\/strong><\/a> del Archivo General del Estado de Quintana Roo.<\/p><p><a href=\"https:\/\/agqroo.qroo.gob.mx\/wp-content\/uploads\/2026\/01\/Manual-de-Organizacion-ok.pdf\" target=\"_blank\" rel=\"noopener\"><strong>Manual de Organizaci\u00f3n.\u00a0<\/strong><\/a><\/p><p><strong><a href=\"https:\/\/agqroo.qroo.gob.mx\/wp-content\/uploads\/2026\/01\/Manual-de-Procedimientos-completo.pdf\" target=\"_blank\" rel=\"noopener\">Manual de Procedimientos.<\/a><\/strong><\/p><p><strong><a href=\"https:\/\/agqroo.qroo.gob.mx\/wp-content\/uploads\/2026\/01\/Manual-de-Tramites-y-Servicios.pdf\" target=\"_blank\" rel=\"noopener\">Manual de Tramites y Servicios.<\/a><\/strong><\/p>\t\t\t\t\t\t\t\t<\/div>\n\t\t\t\t<\/div>\n\t\t\t\t\t<\/div>\n\t\t\t\t<\/div>\n\t\t\t\t<\/div>\n\t\t","protected":false},"excerpt":{"rendered":"<p>Marco Jur\u00eddico La Constituci\u00f3n Pol\u00edtica del Estado de Quintana Roo, establece que los expedientes de las oficinas y los archivos son de dominio p\u00fablico y son patrimonio del estado\u2026.art\u00edculo 112 y 113. La ley Org\u00e1nica de la Administraci\u00f3n P\u00fablica del Estado de Quintana Roo, considera en su art\u00edculo 31 fracci\u00f3n XXVII, que la organizaci\u00f3n y &#8230; <a title=\"Marco Jur\u00eddico\" class=\"read-more\" href=\"https:\/\/agqroo.qroo.gob.mx\/index.php\/marco-juridico\/\" aria-label=\"Leer m\u00e1s sobre Marco Jur\u00eddico\">Leer m\u00e1s<\/a><\/p>\n","protected":false},"author":6,"featured_media":0,"parent":0,"menu_order":0,"comment_status":"closed","ping_status":"closed","template":"","meta":{"footnotes":""},"class_list":["post-36060","page","type-page","status-publish"],"yoast_head":"<!-- This site is optimized with the Yoast SEO plugin v27.5 - https:\/\/yoast.com\/product\/yoast-seo-wordpress\/ -->\n<title>Marco Jur\u00eddico - Archivo General del Estado de Quintana Roo<\/title>\n<meta name=\"robots\" content=\"index, follow, max-snippet:-1, max-image-preview:large, max-video-preview:-1\" \/>\n<link rel=\"canonical\" href=\"https:\/\/agqroo.qroo.gob.mx\/index.php\/marco-juridico\/\" \/>\n<meta property=\"og:locale\" content=\"es_MX\" \/>\n<meta property=\"og:type\" content=\"article\" \/>\n<meta property=\"og:title\" content=\"Marco Jur\u00eddico - Archivo General del Estado de Quintana Roo\" \/>\n<meta property=\"og:description\" content=\"Marco Jur\u00eddico La Constituci\u00f3n Pol\u00edtica del Estado de Quintana Roo, establece que los expedientes de las oficinas y los archivos son de dominio p\u00fablico y son patrimonio del estado\u2026.art\u00edculo 112 y 113. La ley Org\u00e1nica de la Administraci\u00f3n P\u00fablica del Estado de Quintana Roo, considera en su art\u00edculo 31 fracci\u00f3n XXVII, que la organizaci\u00f3n y ... Leer m\u00e1s\" \/>\n<meta property=\"og:url\" content=\"https:\/\/agqroo.qroo.gob.mx\/index.php\/marco-juridico\/\" \/>\n<meta property=\"og:site_name\" content=\"Archivo General del Estado de Quintana Roo\" \/>\n<meta property=\"article:modified_time\" content=\"2026-01-26T19:47:58+00:00\" \/>\n<meta name=\"twitter:card\" content=\"summary_large_image\" \/>\n<meta name=\"twitter:label1\" content=\"Tiempo de lectura\" \/>\n\t<meta name=\"twitter:data1\" content=\"1 minuto\" \/>\n<script type=\"application\/ld+json\" class=\"yoast-schema-graph\">{\"@context\":\"https:\\\/\\\/schema.org\",\"@graph\":[{\"@type\":\"WebPage\",\"@id\":\"https:\\\/\\\/agqroo.qroo.gob.mx\\\/index.php\\\/marco-juridico\\\/\",\"url\":\"https:\\\/\\\/agqroo.qroo.gob.mx\\\/index.php\\\/marco-juridico\\\/\",\"name\":\"Marco Jur\u00eddico - Archivo General del Estado de Quintana Roo\",\"isPartOf\":{\"@id\":\"https:\\\/\\\/agqroo.qroo.gob.mx\\\/#website\"},\"datePublished\":\"2024-09-05T21:06:33+00:00\",\"dateModified\":\"2026-01-26T19:47:58+00:00\",\"breadcrumb\":{\"@id\":\"https:\\\/\\\/agqroo.qroo.gob.mx\\\/index.php\\\/marco-juridico\\\/#breadcrumb\"},\"inLanguage\":\"es\",\"potentialAction\":[{\"@type\":\"ReadAction\",\"target\":[\"https:\\\/\\\/agqroo.qroo.gob.mx\\\/index.php\\\/marco-juridico\\\/\"]}]},{\"@type\":\"BreadcrumbList\",\"@id\":\"https:\\\/\\\/agqroo.qroo.gob.mx\\\/index.php\\\/marco-juridico\\\/#breadcrumb\",\"itemListElement\":[{\"@type\":\"ListItem\",\"position\":1,\"name\":\"Inicio\",\"item\":\"https:\\\/\\\/agqroo.qroo.gob.mx\\\/\"},{\"@type\":\"ListItem\",\"position\":2,\"name\":\"Marco Jur\u00eddico\"}]},{\"@type\":\"WebSite\",\"@id\":\"https:\\\/\\\/agqroo.qroo.gob.mx\\\/#website\",\"url\":\"https:\\\/\\\/agqroo.qroo.gob.mx\\\/\",\"name\":\"Archivo General del Estado de Quintana Roo\",\"description\":\"\",\"publisher\":{\"@id\":\"https:\\\/\\\/agqroo.qroo.gob.mx\\\/#organization\"},\"potentialAction\":[{\"@type\":\"SearchAction\",\"target\":{\"@type\":\"EntryPoint\",\"urlTemplate\":\"https:\\\/\\\/agqroo.qroo.gob.mx\\\/?s={search_term_string}\"},\"query-input\":{\"@type\":\"PropertyValueSpecification\",\"valueRequired\":true,\"valueName\":\"search_term_string\"}}],\"inLanguage\":\"es\"},{\"@type\":\"Organization\",\"@id\":\"https:\\\/\\\/agqroo.qroo.gob.mx\\\/#organization\",\"name\":\"Archivo General del Estado de Quintana Roo\",\"url\":\"https:\\\/\\\/agqroo.qroo.gob.mx\\\/\",\"logo\":{\"@type\":\"ImageObject\",\"inLanguage\":\"es\",\"@id\":\"https:\\\/\\\/agqroo.qroo.gob.mx\\\/#\\\/schema\\\/logo\\\/image\\\/\",\"url\":\"https:\\\/\\\/agqroo.qroo.gob.mx\\\/wp-content\\\/uploads\\\/2024\\\/06\\\/AGQROO.png\",\"contentUrl\":\"https:\\\/\\\/agqroo.qroo.gob.mx\\\/wp-content\\\/uploads\\\/2024\\\/06\\\/AGQROO.png\",\"width\":1920,\"height\":1080,\"caption\":\"Archivo General del Estado de Quintana Roo\"},\"image\":{\"@id\":\"https:\\\/\\\/agqroo.qroo.gob.mx\\\/#\\\/schema\\\/logo\\\/image\\\/\"}}]}<\/script>\n<!-- \/ Yoast SEO plugin. -->","yoast_head_json":{"title":"Marco Jur\u00eddico - Archivo General del Estado de Quintana Roo","robots":{"index":"index","follow":"follow","max-snippet":"max-snippet:-1","max-image-preview":"max-image-preview:large","max-video-preview":"max-video-preview:-1"},"canonical":"https:\/\/agqroo.qroo.gob.mx\/index.php\/marco-juridico\/","og_locale":"es_MX","og_type":"article","og_title":"Marco Jur\u00eddico - Archivo General del Estado de Quintana Roo","og_description":"Marco Jur\u00eddico La Constituci\u00f3n Pol\u00edtica del Estado de Quintana Roo, establece que los expedientes de las oficinas y los archivos son de dominio p\u00fablico y son patrimonio del estado\u2026.art\u00edculo 112 y 113. La ley Org\u00e1nica de la Administraci\u00f3n P\u00fablica del Estado de Quintana Roo, considera en su art\u00edculo 31 fracci\u00f3n XXVII, que la organizaci\u00f3n y ... Leer m\u00e1s","og_url":"https:\/\/agqroo.qroo.gob.mx\/index.php\/marco-juridico\/","og_site_name":"Archivo General del Estado de Quintana Roo","article_modified_time":"2026-01-26T19:47:58+00:00","twitter_card":"summary_large_image","twitter_misc":{"Tiempo de lectura":"1 minuto"},"schema":{"@context":"https:\/\/schema.org","@graph":[{"@type":"WebPage","@id":"https:\/\/agqroo.qroo.gob.mx\/index.php\/marco-juridico\/","url":"https:\/\/agqroo.qroo.gob.mx\/index.php\/marco-juridico\/","name":"Marco Jur\u00eddico - Archivo General del Estado de Quintana Roo","isPartOf":{"@id":"https:\/\/agqroo.qroo.gob.mx\/#website"},"datePublished":"2024-09-05T21:06:33+00:00","dateModified":"2026-01-26T19:47:58+00:00","breadcrumb":{"@id":"https:\/\/agqroo.qroo.gob.mx\/index.php\/marco-juridico\/#breadcrumb"},"inLanguage":"es","potentialAction":[{"@type":"ReadAction","target":["https:\/\/agqroo.qroo.gob.mx\/index.php\/marco-juridico\/"]}]},{"@type":"BreadcrumbList","@id":"https:\/\/agqroo.qroo.gob.mx\/index.php\/marco-juridico\/#breadcrumb","itemListElement":[{"@type":"ListItem","position":1,"name":"Inicio","item":"https:\/\/agqroo.qroo.gob.mx\/"},{"@type":"ListItem","position":2,"name":"Marco Jur\u00eddico"}]},{"@type":"WebSite","@id":"https:\/\/agqroo.qroo.gob.mx\/#website","url":"https:\/\/agqroo.qroo.gob.mx\/","name":"Archivo General del Estado de Quintana Roo","description":"","publisher":{"@id":"https:\/\/agqroo.qroo.gob.mx\/#organization"},"potentialAction":[{"@type":"SearchAction","target":{"@type":"EntryPoint","urlTemplate":"https:\/\/agqroo.qroo.gob.mx\/?s={search_term_string}"},"query-input":{"@type":"PropertyValueSpecification","valueRequired":true,"valueName":"search_term_string"}}],"inLanguage":"es"},{"@type":"Organization","@id":"https:\/\/agqroo.qroo.gob.mx\/#organization","name":"Archivo General del Estado de Quintana Roo","url":"https:\/\/agqroo.qroo.gob.mx\/","logo":{"@type":"ImageObject","inLanguage":"es","@id":"https:\/\/agqroo.qroo.gob.mx\/#\/schema\/logo\/image\/","url":"https:\/\/agqroo.qroo.gob.mx\/wp-content\/uploads\/2024\/06\/AGQROO.png","contentUrl":"https:\/\/agqroo.qroo.gob.mx\/wp-content\/uploads\/2024\/06\/AGQROO.png","width":1920,"height":1080,"caption":"Archivo General del Estado de Quintana Roo"},"image":{"@id":"https:\/\/agqroo.qroo.gob.mx\/#\/schema\/logo\/image\/"}}]}},"_links":{"self":[{"href":"https:\/\/agqroo.qroo.gob.mx\/index.php\/wp-json\/wp\/v2\/pages\/36060","targetHints":{"allow":["GET"]}}],"collection":[{"href":"https:\/\/agqroo.qroo.gob.mx\/index.php\/wp-json\/wp\/v2\/pages"}],"about":[{"href":"https:\/\/agqroo.qroo.gob.mx\/index.php\/wp-json\/wp\/v2\/types\/page"}],"author":[{"embeddable":true,"href":"https:\/\/agqroo.qroo.gob.mx\/index.php\/wp-json\/wp\/v2\/users\/6"}],"replies":[{"embeddable":true,"href":"https:\/\/agqroo.qroo.gob.mx\/index.php\/wp-json\/wp\/v2\/comments?post=36060"}],"version-history":[{"count":40,"href":"https:\/\/agqroo.qroo.gob.mx\/index.php\/wp-json\/wp\/v2\/pages\/36060\/revisions"}],"predecessor-version":[{"id":37884,"href":"https:\/\/agqroo.qroo.gob.mx\/index.php\/wp-json\/wp\/v2\/pages\/36060\/revisions\/37884"}],"wp:attachment":[{"href":"https:\/\/agqroo.qroo.gob.mx\/index.php\/wp-json\/wp\/v2\/media?parent=36060"}],"curies":[{"name":"wp","href":"https:\/\/api.w.org\/{rel}","templated":true}]}}